*4/12 - u**3/6 + 288*u**2. Calculate p(-2).
-1
Let a = -108 - -103. Let l(c) = c + 3. What is l(a)?
-2
Let t(v) = v**3 - 4*v**2 - 6*v + 1. Let y be t(5). Let z(m) = -8*m + 4. Let p be z(y). Suppose 5*k + p - 1 = 0. Let x(g) = -2*g - 7. What is x(k)?
7
Let q(x) = x**2 - 8*x + 14. Let k be q(6). Let n be -21*k/(-6) - 1. Let u(a) = n*a**2 - 3*a**2 + a**2 - 4*a + 4 - 5*a**2. What is u(-6)?
-8
Let o(h) = -h**3 + 3*h**2 + 4*h - 2. Suppose z = -3 + 22. Suppose -5*s - 2*w = z, 5*s + w = -0*w - 22. Let j = 9 + s. What is o(j)?
-2
Let y(l) = -3*l**2 + 16*l - 9. Let k(i) = -4*i**2 + 17*i - 10. Let x(m) = -2*k(m) + 3*y(m). Let j be x(13). Let f(q) = 3*q - 2 - 1 + j + 1. What is f(3)?
13
Let j(y) = -132*y - 91*y**2 - 2 + 0 + 92*y**2 + 135*y. What is j(-3)?
-2
Let d(w) be the first derivative of -w**2/2 - 14*w + 73. What is d(-10)?
-4
Let k(w) be the third derivative of w**4/8 + w**3/3 + 252*w**2. Let f(p) = p - 6. Let y be f(7). Suppose 2*z = -5 - y. Give k(z).
-7
Suppose 24 = 9*q - 3*q. Let z(x) = -q*x + 4 - 1 - x**2 + 5. Let j(m) = -5*m + 14. Let s be j(4). What is z(s)?
-4
Suppose -3*q + 28 = -4*r + 11, -3*r = 2*q. Let j(g) = -5*g**2 + 7*g + 7. Let m(x) = 6*x**2 - 8*x - 8. Let d(v) = 5*j(v) + 4*m(v). Determine d(q).
3
Suppose 111*q - 94*q + 51 = 0. Let c(w) = 2*w**3 + 11*w**2 - 5*w + 8. Let p(h) = -h**3 - 5*h**2 + 2*h - 4. Let f(z) = 2*c(z) + 5*p(z). Determine f(q).
-4
Let t(b) = -33 + 239373*b + 7 - 239395*b + b**3 + 20*b**2. Give t(-21).
-5
Let o(q) = -6*q - 1 + q**2 + 4*q + 3*q. Let b(n) = 16*n**2 + 6*n - 7. Let i(h) = b(h) - 6*o(h). Determine i(-1).
9
Let u(k) be the first derivative of -k**4/4 - 2*k**3 + 2*k**2 + 9*k + 106. What is u(-6)?
-15
Suppose 0 = -5*d + 8*d. Let k(z) be the second derivative of 4*z - 5/2*z**2 - 1/6*z**3 + 0 - 1/12*z**4. Give k(d).
-5
Let f be 6/18 + 5 + -4. Let b(c) be the second derivative of f*c**3 + c**2 - 7*c + 0. Calculate b(2).
18
Let n(x) = -x**2 + 0*x**3 + x**3 - 8*x**2 + 10*x**2. Let i = -4 + 0. Let s = i - -2. Give n(s).
-4
Let j(x) = -x**3 + 9*x**2 - 8*x - 5. Let a be j(8). Let n(k) = -10*k**2 - 6*k + 4. Let z(l) = -7*l**2 - 6*l + 3. Let b(u) = -2*n(u) + 3*z(u). What is b(a)?
6
Let z be (-12)/(-18)*1 + (-2)/3. Let q(s) = -2222 + z*s + 2224 - s. Calculate q(0).
2
Let n(c) = -c**2 - 4*c + 4. Let p(m) = -m + 15. Suppose 4*f = -5*u + 8, 2*u + u = -12. Let q be p(f). Let d = 3 - q. Calculate n(d).
-1
Let s(n) = n**2 + 107*n - 556. Let h be s(5). Let q(u) = -5*u + 3*u + 4 + 0. Determine q(h).
-4
Suppose 18*w + 49*w = -17*w. Let k(z) = -z**2 - 3. Calculate k(w).
-3
Let b(y) = -2*y**2 + 3*y. Let w be ((-1)/2)/(12/(-600)). Suppose r - w = -4*r, -a = -4*r + 16. Let f be (5 - 8)/((-6)/a). What is b(f)?
-2
Suppose 0 = -5*m + 34 - 4. Let s(h) = 3*h + 15. Let i(z) = -2*z - 8. Let o(d) = 5*i(d) + 3*s(d). What is o(m)?
-1
Let d(y) = 2*y**3 + y**2 - 5*y + 3. Let h be d(1). Let r(l) = -3 - 9*l + h + 12*l + 1. Calculate r(1).
2
Let c(d) = -d**2 - 6*d - 17. Suppose -1639 + 1609 = 6*x. Give c(x).
-12
Let h(p) = -p + 1. Let y(c) = 3*c - 3. Let b(s) = -11*h(s) - 4*y(s). Give b(-7).
8
Suppose 0 = -3*w - 54 - 15. Let v = w - -28. Let x(r) = 5*r**2 + 13*r - 1. Let g(l) = l**2 + l. Let t(d) = 6*g(d) - x(d). Calculate t(v).
-9
Let g(v) = 2*v - 6. Let z(u) be the third derivative of -u**4/8 + 11*u**3/6 + u**2. Let o(y) = 5*g(y) + 3*z(y). Suppose 0 = 33*a - 36*a - 12. Give o(a).
-1
Let k(w) = -5*w - 9. Let g be k(-6). Suppose l - 15 = -g. Let z(x) = -3*x - 7. Calculate z(l).
11
Let t(o) = -4*o + 1. Let f = 189 - 193. Give t(f).
17
Suppose 1111*i + 60 = 1131*i. Let r(w) be the second derivative of -w**3/3 - 3*w**2/2 - 2*w. Give r(i).
-9
Let f(a) be the second derivative of a**5/60 - a**4/24 + 5*a**3/3 + 26*a. Let q(l) be the second derivative of f(l). Give q(3).
5
Let b(v) = 7 - 5*v**2 + 4*v**2 + v**3 - 5*v**2. Suppose -6 = 62*f - 63*f. What is b(f)?
7
Let x(n) = -n**2 - 3*n + 10. Let b be x(-4). Let h(p) = 2*p + p + p**2 + b*p - 2 - 3*p. Give h(-7).
5
Let z(m) = m**2 - 8*m + 1. Let j be ((-20)/(-60))/(1 + (-17)/18). Determine z(j).
-11
Let r be -2 + 0*(-1)/(-1). Let k(z) = -8*z**3 + 9*z**3 + 4*z**2 + z - 2*z**2 + 1. What is k(r)?
-1
Let g(f) be the third derivative of -f**4/6 - f**3/2 + 2*f**2 - 130*f. Determine g(4).
-19
Let f be 1/(-5) - (-1258)/4440. Let d(y) be the third derivative of 0*y**3 + 5*y**2 + 0 - f*y**4 + 0*y. Determine d(1).
-2
Let p(v) be the third derivative of 0*v**3 - 1/4*v**4 + 40*v**2 + 0 + 0*v. Suppose -10 = -0*q - 5*q. Determine p(q).
-12
Let s(i) be the second derivative of -i**5/20 + i**4/6 - i**3/3 + i**2 - 30*i. Let m be s(1). Let f(t) = t + 1. Give f(m).
2
Let p = -198 + 201. Let c(n) = 10 - n**2 + n**3 - 2*n**2 - 8. Calculate c(p).
2
Let n(z) = -z + 2. Suppose 0 = -2*y + 3*y + 4, 0 = -3*q - y + 5. Suppose r = q*r + 6. What is n(r)?
5
Let m = 46 + -41. Let p(l) = 13 + 14 - 25 - m*l - l**2. Determine p(-3).
8
Suppose 4*r - r = -v - 1, -5*v = 2*r + 5. Let z(u) be the third derivative of 0*u**4 + 1/6*u**3 + 0 + 3*u**2 + 0*u + 1/60*u**5. What is z(r)?
1
Let w(v) be the first derivative of v**4/4 - 5*v**3/3 + v**2/2 + 3*v - 12. Give w(3).
-12
Let a(i) = i**2 + 6*i + 2. Let o(p) = -p**3 + 3*p**2 + 5*p - 5. Let k be o(5). Let m = k + 42. Let l = m - 18. What is a(l)?
2
Let r(z) = -z**3 + 5*z**2 - 2*z - 2. Suppose 3*m = -0*c - 3*c + 18, -5*m = 3*c - 20. Suppose -2*a + 7*a - 5*x = 0, -c*x + 18 = 4*a. Determine r(a).
6
Let i(k) be the second derivative of -k**5/20 + k**4/12 - k**3/6 + 9*k**2/2 - 2*k. Let o be (0 + -1)*(-1 - -1). Let b be o - (1 - 3/3). Calculate i(b).
9
Let n(u) = -3 + 0*u - 7*u + 10 - u**2. Let g(p) be the second derivative of p**5/20 + 7*p**4/12 + 7*p**3/6 - p**2/2 + 10*p. Let r be g(-6). Give n(r).
7
Let n(k) be the third derivative of k**4/12 - 2*k**3/3 - k**2 - 174*k. Calculate n(-6).
-16
Let b(d) = 13*d - 7. Let x(u) = 10*u - 8. Let p(t) = -3*b(t) + 4*x(t). Give p(18).
7
Let l(f) be the third derivative of -f**4/24 - 17*f**3/6 - 610*f**2. Give l(11).
-28
Let r(v) = v - 1. Suppose -76 = 4*m + 2*x, -m - 2*m = -3*x + 66. Let h = 33 + m. Let k(d) = d**2 - 13*d + 6. Let t be k(h). Determine r(t).
5
Let s(o) = -o**3 - 5*o**2 - o - 1. Let w be s(-5). Let h(f) = -f**2 + 6*f - 2. What is h(w)?
6
Let l(o) = -15*o - 5. Let t(n) = -n + 1. Let h(c) = l(c) + 6*t(c). Determine h(1).
-20
Let q(w) = 2*w - 2. Let p be 2/(-1) + (-42)/(-7). What is q(p)?
6
Suppose -4*n - 2 = -6. Let r(k) = -6*k**2 - 2*k + 2. Let z be r(n). Let x(q) = q**3 + 6*q**2 + q + 2. Calculate x(z).
-4
Let m(n) = -2 + 1 + 2*n + 0 - 3*n. Suppose 4*o + p = 6*p + 23, 2*o + 3*p = 17. Give m(o).
-8
Suppose -2*o + 11*a - 16*a + 29 = 0, 4*o = -3*a + 23. Let n(u) = -4*u + 0*u - 4 + 2. Determine n(o).
-10
Suppose -5*f - 3*h = 264, 2*f + 5*h - 64 = 3*f. Let y = f - -57. Let i(k) = k**3 - 3*k**2 - k + 3. What is i(y)?
0
Let f(y) = y**2 - 29*y + 21. Let x be f(28). Let u(b) = b**3 + 7*b**2 + 5*b + 2. What is u(x)?
-33
Let b(f) = 42*f**2 + 37*f + 8. Let x(z) = 28*z**2 + 23*z + 5. Let n(m) = -5*b(m) + 8*x(m). Determine n(1).
13
Let d(h) be the second derivative of -h**7/2520 + h**6/360 - h**5/40 - 17*h**4/6 - 35*h. Let n(r) be the third derivative of d(r). What is n(2)?
-3
Let y(w) be the first derivative of w**4/4 - 2*w**3/3 - w**2/2 + w - 6. Suppose 32*v - 41*v = -18. Give y(v).
-1
Let u(w) = w**3 - 6*w**2 + 4*w - 3. Suppose -4*b + 18 = 2*h, 4*h - 5*b - 5 = 5. Give u(h).
-8
Let y(l) = l**3 - 2*l**3 - 5 - 4*l**2 + 11*l**2. Let a be y(7). Let o(n) be the third derivative of n**4/24 + 5*n**3/3 - 1214*n**2. Determine o(a).
5
Let n(q) = -2*q - 15. Let k be n(-4). Let l(s) = -s**2 - s + 10. Determine l(k).
-32
Let y(b) = b + 2. Let f(r) = 2*r**2 - r. Let h(g) = 5*g**2 - 3*g. Let z(a) = 8*f(a) - 3*h(a). Suppose -3*v = -v + 4. Let k be z(v). Give y(k).
4
Let d(b) be the second derivative of -b**5/20 - b**4/6 + b**3/2 - b**2/2 - 4*b + 29. Give d(-4).
19
Let l(a) = -a. Let c be (-735)/210*2/7. What is l(c)?
1
Let t(z) = -z**2 - 2*z + 5. Let s be t(-4). Let l(r) = -r - 4. Let a(f) = 1. Let y(j) = s*a(j) - l(j). Let p be -8 - (0 - 4) - 1. Calculate y(p).
-4
Let q(u) = -u**2 - 3*u - 2. Suppose -4*g + 7*g = -741. Let c be 6/(-8) - g/(-76). Determine q(c).
-6
Let a(x) be the first derivative of -2*x**3/3 + 3*x**2/2 + 2*x - 253. Calculate a(3).
-7
Let k = 7 - 14. Let c(y)